{"id":1850,"date":"2026-04-17T00:25:21","date_gmt":"2026-04-17T04:25:21","guid":{"rendered":"https:\/\/papeldepapier.com\/?post_type=product&#038;p=1850"},"modified":"2026-04-17T00:45:17","modified_gmt":"2026-04-17T04:45:17","slug":"block-de-notas-magnetico-ratoncitos","status":"publish","type":"product","link":"https:\/\/papeldepapier.com\/?product=block-de-notas-magnetico-ratoncitos","title":{"rendered":"BLOCK DE NOTAS MAGNETICO: RATONCITOS"},"content":{"rendered":"<p data-start=\"177\" data-end=\"405\">Convierte lo cotidiano en algo especial \u2728<br data-start=\"218\" data-end=\"221\" \/>Este block de notas est\u00e1 pensado para acompa\u00f1arte en tu d\u00eda a d\u00eda, ayud\u00e1ndote a organizar listas, pendientes y recordatorios, pero con ese toque ilustrado que alegra cualquier espacio.<\/p>\n<p data-start=\"407\" data-end=\"528\">Cada dise\u00f1o aporta color, calidez y personalidad, transformando algo tan simple como anotar en un peque\u00f1o momento bonito.<\/p>\n<p data-start=\"530\" data-end=\"678\">Su respaldo magn\u00e9tico te permite tenerlo siempre a la vista en el refrigerador o cualquier superficie met\u00e1lica, para que nada importante se te pase.<\/p>\n<ul>\n<li>50 hojas desprendibles rayadas de 105 g<\/li>\n<li>Hojas a todo color con ilustraciones<\/li>\n<li>Respaldo con banda magn\u00e9tica para colgar<\/li>\n<li>Formato delgado y liviano<\/li>\n<li>Tama\u00f1o: 9,5 x 20 x 1 cm<\/li>\n<\/ul>\n<p class=\"\" data-start=\"114\" data-end=\"501\"><br data-start=\"438\" data-end=\"441\" data-is-only-node=\"\" \/>Todos los dise\u00f1os tienen derechos de autor \u00a9 valeria pacheco<\/p>\n","protected":false},"excerpt":{"rendered":"<p>Convierte lo cotidiano en algo especial \u2728Este block de notas est\u00e1 pensado para acompa\u00f1arte en tu d\u00eda a d\u00eda, ayud\u00e1ndote a organizar listas, pendientes y recordatorios, pero con ese toque ilustrado que alegra cualquier espacio. Cada dise\u00f1o aporta color, calidez y personalidad, transformando algo tan simple como anotar en un peque\u00f1o momento bonito. Su respaldo [&hellip;]<\/p>\n","protected":false},"featured_media":1851,"comment_status":"open","ping_status":"closed","template":"","meta":[],"product_brand":[],"product_cat":[15],"product_tag":[20,46,47,29,91,22,32],"class_list":{"0":"post-1850","1":"product","2":"type-product","3":"status-publish","4":"has-post-thumbnail","6":"product_cat-accesorios","7":"product_tag-animales","8":"product_tag-animalitos","9":"product_tag-ardilla","10":"product_tag-conejo","11":"product_tag-raton","12":"product_tag-stickers","13":"product_tag-zorro","15":"first","16":"instock","17":"shipping-taxable","18":"purchasable","19":"product-type-simple"},"_links":{"self":[{"href":"https:\/\/papeldepapier.com\/index.php?rest_route=\/wp\/v2\/product\/1850","targetHints":{"allow":["GET"]}}],"collection":[{"href":"https:\/\/papeldepapier.com\/index.php?rest_route=\/wp\/v2\/product"}],"about":[{"href":"https:\/\/papeldepapier.com\/index.php?rest_route=\/wp\/v2\/types\/product"}],"replies":[{"embeddable":true,"href":"https:\/\/papeldepapier.com\/index.php?rest_route=%2Fwp%2Fv2%2Fcomments&post=1850"}],"wp:featuredmedia":[{"embeddable":true,"href":"https:\/\/papeldepapier.com\/index.php?rest_route=\/wp\/v2\/media\/1851"}],"wp:attachment":[{"href":"https:\/\/papeldepapier.com\/index.php?rest_route=%2Fwp%2Fv2%2Fmedia&parent=1850"}],"wp:term":[{"taxonomy":"product_brand","embeddable":true,"href":"https:\/\/papeldepapier.com\/index.php?rest_route=%2Fwp%2Fv2%2Fproduct_brand&post=1850"},{"taxonomy":"product_cat","embeddable":true,"href":"https:\/\/papeldepapier.com\/index.php?rest_route=%2Fwp%2Fv2%2Fproduct_cat&post=1850"},{"taxonomy":"product_tag","embeddable":true,"href":"https:\/\/papeldepapier.com\/index.php?rest_route=%2Fwp%2Fv2%2Fproduct_tag&post=1850"}],"curies":[{"name":"wp","href":"https:\/\/api.w.org\/{rel}","templated":true}]}}