{"id":1728,"date":"2026-04-14T00:21:05","date_gmt":"2026-04-14T04:21:05","guid":{"rendered":"https:\/\/papeldepapier.com\/?post_type=product&#038;p=1728"},"modified":"2026-04-26T19:56:10","modified_gmt":"2026-04-26T23:56:10","slug":"bolso-tote-armino","status":"publish","type":"product","link":"https:\/\/papeldepapier.com\/?product=bolso-tote-armino","title":{"rendered":"BOLSO TOTE AZUL"},"content":{"rendered":"<p class=\"isSelectedEnd\"><strong>BOLSO TOTE BAG ILUSTRADA<\/strong><\/p>\n<p class=\"isSelectedEnd\">Dise\u00f1ada para acompa\u00f1arte en todo.<\/p>\n<p class=\"isSelectedEnd\">Esta tote bag combina funcionalidad y estilo en una pieza \u00fanica. Confeccionada en tela resistente y de gran capacidad, es ideal para llevar todo lo que tu d\u00eda necesite.<\/p>\n<p class=\"isSelectedEnd\">Vers\u00e1til, c\u00f3moda y pensada para el uso diario.<\/p>\n<p class=\"isSelectedEnd\"><strong>DETALLES<\/strong><\/p>\n<ul data-spread=\"false\">\n<li>Tejido resistente<\/li>\n<li>Formato amplio<\/li>\n<li>Dise\u00f1o original ilustrado<\/li>\n<\/ul>\n<p class=\"isSelectedEnd\"><strong>MEDIDAS<\/strong><\/p>\n<ul data-spread=\"false\">\n<li>Alto: 43 cm<\/li>\n<li>Ancho: 39 cm<\/li>\n<li>Profundidad: 20 cm<\/li>\n<li>Largo de asas: 25 cm<\/li>\n<\/ul>\n<p class=\"\" data-start=\"114\" data-end=\"501\">Todos los dise\u00f1os tienen derechos de autor \u00a9 valeria pacheco<\/p>\n","protected":false},"excerpt":{"rendered":"<p>BOLSO TOTE BAG ILUSTRADA Dise\u00f1ada para acompa\u00f1arte en todo. Esta tote bag combina funcionalidad y estilo en una pieza \u00fanica. Confeccionada en tela resistente y de gran capacidad, es ideal para llevar todo lo que tu d\u00eda necesite. Vers\u00e1til, c\u00f3moda y pensada para el uso diario. DETALLES Tejido resistente Formato amplio Dise\u00f1o original ilustrado MEDIDAS [&hellip;]<\/p>\n","protected":false},"featured_media":1731,"comment_status":"open","ping_status":"closed","template":"","meta":[],"product_brand":[],"product_cat":[15],"product_tag":[20,46,98,96,94,97,95,32],"class_list":{"0":"post-1728","1":"product","2":"type-product","3":"status-publish","4":"has-post-thumbnail","6":"product_cat-accesorios","7":"product_tag-animales","8":"product_tag-animalitos","9":"product_tag-armino","10":"product_tag-bolso","11":"product_tag-tote","12":"product_tag-tote-bag","13":"product_tag-totebag","14":"product_tag-zorro","16":"first","17":"instock","18":"shipping-taxable","19":"purchasable","20":"product-type-simple"},"_links":{"self":[{"href":"https:\/\/papeldepapier.com\/index.php?rest_route=\/wp\/v2\/product\/1728","targetHints":{"allow":["GET"]}}],"collection":[{"href":"https:\/\/papeldepapier.com\/index.php?rest_route=\/wp\/v2\/product"}],"about":[{"href":"https:\/\/papeldepapier.com\/index.php?rest_route=\/wp\/v2\/types\/product"}],"replies":[{"embeddable":true,"href":"https:\/\/papeldepapier.com\/index.php?rest_route=%2Fwp%2Fv2%2Fcomments&post=1728"}],"wp:featuredmedia":[{"embeddable":true,"href":"https:\/\/papeldepapier.com\/index.php?rest_route=\/wp\/v2\/media\/1731"}],"wp:attachment":[{"href":"https:\/\/papeldepapier.com\/index.php?rest_route=%2Fwp%2Fv2%2Fmedia&parent=1728"}],"wp:term":[{"taxonomy":"product_brand","embeddable":true,"href":"https:\/\/papeldepapier.com\/index.php?rest_route=%2Fwp%2Fv2%2Fproduct_brand&post=1728"},{"taxonomy":"product_cat","embeddable":true,"href":"https:\/\/papeldepapier.com\/index.php?rest_route=%2Fwp%2Fv2%2Fproduct_cat&post=1728"},{"taxonomy":"product_tag","embeddable":true,"href":"https:\/\/papeldepapier.com\/index.php?rest_route=%2Fwp%2Fv2%2Fproduct_tag&post=1728"}],"curies":[{"name":"wp","href":"https:\/\/api.w.org\/{rel}","templated":true}]}}